me number?
True
Is 32862526737 a composite number?
True
Is 1854877047 composite?
True
Is 229253351 composite?
True
Is 153764627 prime?
True
Is 206531239 a prime number?
True
Is 116685918749 prime?
False
Is 4595984434 prime?
False
Is 102659055197 a composite number?
True
Is 25962983 a prime number?
False
Is 4080504991 composite?
False
Is 524095343 prime?
False
Is 78456991 prime?
True
Is 6890001697 composite?
False
Is 74925035821 a prime number?
False
Is 137787673 a prime number?
True
Is 3354918979 a composite number?
False
Is 241867127 composite?
True
Is 923722879 a composite number?
True
Is 14235361867 a composite number?
True
Is 2692142553 prime?
False
Is 1556487799 composite?
False
Is 38509002853 composite?
False
Is 27775835257 a prime number?
True
Is 55276041721 a prime number?
False
Is 3343511599 a prime number?
True
Is 4337563693 prime?
True
Is 91836092951 a composite number?
False
Is 6276248753 prime?
False
Is 8925553991 a prime number?
True
Is 1715205383 a composite number?
False
Is 4517384267 a prime number?
False
Is 6346995647 a prime number?
True
Is 100717679 composite?
False
Is 151252679 composite?
False
Is 5179570219 composite?
True
Is 126835136173 composite?
False
Is 1408762907 prime?
True
Is 8656046681 composite?
False
Is 29665300633 composite?
False
Is 448806913 a composite number?
True
Is 686092289 a composite number?
False
Is 1426145827 prime?
False
Is 74809283 a prime number?
True
Is 43065096995 composite?
True
Is 587213142721 prime?
True
Is 2091158911 composite?
False
Is 24132401233 a prime number?
True
Is 112976459 a prime number?
True
Is 104513142673 a composite number?
False
Is 171745031 composite?
True
Is 37631125157 a composite number?
False
Is 1612587653 prime?
True
Is 15612485393 a composite number?
True
Is 893621263 prime?
True
Is 1837196117 prime?
False
Is 795350366 a prime number?
False
Is 1839300319 a prime number?
False
Is 2468409481 composite?
False
Is 445351727 a composite number?
True
Is 1202190281 composite?
False
Is 13895705251 a prime number?
True
Is 29832404857 a prime number?
True
Is 84617368421 prime?
True
Is 60383739629 prime?
True
Is 270789977 a prime number?
False
Is 6286090747 a composite number?
False
Is 29590794151 composite?
False
Is 66466023367 prime?
True
Is 161773530877 a prime number?
False
Is 49891596031 a prime number?
True
Is 8578196061 a prime number?
False
Is 48754120813 a prime number?
True
Is 9590405509 prime?
True
Is 45766588891 a composite number?
True
Is 11442627253 a prime number?
False
Is 15153382711 composite?
False
Is 179050667629 prime?
True
Is 18348973739 a composite number?
False
Is 58278001421 prime?
False
Is 7110185597 prime?
False
Is 370514519 prime?
True
Is 2775204755 prime?
False
Is 38303461613 prime?
True
Is 15415571561 a prime number?
False
Is 15070969 a prime number?
True
Is 7316645605 prime?
False
Is 1140091517 a composite number?
True
Is 8058934157 composite?
False
Is 120985201 a composite number?
False
Is 2054163581 a prime number?
False
Is 1958006081 prime?
True
Is 375023899 a prime number?
True
Is 7249603469 a composite number?
True
Is 6060868367 a prime number?
True
Is 11527432837 composite?
True
Is 4478849707 composite?
False
Is 32304804671 a prime number?
True
Is 258213227 composite?
False
Is 84244327 prime?
True
Is 15617124983 prime?
False
Is 155179647547 a prime number?
False
Is 6475748479 composite?
True
Is 1522862371 composite?
True
Is 229584474835 composite?
True
Is 1776514339 a prime number?
False
Is 2193611 composite?
True
Is 2233289713 prime?
False
Is 128469728053 a composite number?
False
Is 276969419 a prime number?
True
Is 27050640313 prime?
True
Is 162704931161 prime?
False
Is 1405755647 a prime number?
False
Is 1708722157 prime?
True
Is 1005328561 a composite number?
False
Is 124976191 composite?
True
Is 27436096063 a composite number?
False
Is 13876318319 a composite number?
False
Is 20178771149 composite?
True
Is 8834927 composite?
False
Is 2257207933 composite?
False
Is 556963249 prime?
False
Is 4137204899 composite?
False
Is 3088122295 a composite number?
True
Is 3099666799 a composite number?
True
Is 176182193821 a composite number?
False
Is 284320919 a prime number?
True
Is 18671566801 prime?
False
Is 17953352243 a prime number?
True
Is 796910573 a prime number?
False
Is 85704738745 a prime number?
False
Is 1885064317 a composite number?
True
Is 11640310867 a composite number?
False
Is 183041107 a composite number?
True
Is 239217261 prime?
False
Is 22472070611 composite?
False
Is 102331392853 prime?
False
Is 3677427101 composite?
True
Is 2202873159 composite?
True
Is 4713398821 prime?
True
Is 3643857781 composite?
False
Is 1199508617 composite?
False
Is 845209951 a composite number?
False
Is 8823576647 composite?
False
Is 89027426003 a composite number?
True
Is 427571655151 prime?
True
Is 14196486727 a prime number?
True
Is 7446946919 composite?
False
Is 21312168629 prime?
False
Is 31738969319 prime?
False
Is 143269121 composite?
False
Is 8058592007 a composite number?
True
Is 57092237 a prime number?
False
Is 12185652893 composite?
True
Is 2313843953 composite?
True
Is 4623362069 composite?
False
Is 1113551407 a composite number?
False
Is 1431030343 composite?
False
Is 22563261047 composite?
False
Is 35230284863 composite?
True
Is 1076809169 composite?
False
Is 6896087687 composite?
True
Is 4339849699 a prime number?
True
Is 240264384911 composite?
False
Is 417161177 a prime number?
True
Is 1459025299 a composite number?
True
Is 358449557 a composite number?
True
Is 2055331337 a composite number?
False
Is 45599860723 a prime number?
True
Is 391774769 prime?
True
Is 501541127 a prime number?
False
Is 1160448794 a composite number?
True
Is 113411470427 a prime number?
True
Is 5996489843 a composite number?
True
Is 577523351 a prime number?
False
Is 13071321661 prime?
False
Is 678932821 composite?
True
Is 20314730071 composite?
False
Is 488765429 a composite number?
False
Is 451177109 composite?
False
Is 81184459 composite?
False
Is 10433143541 a composite number?
False
Is 41522682209 prime?
True
Is 6981215863 prime?
True
Is 1377968381 a prime number?
False
Is 21651896777 a composite number?
True
Is 40002059681 a prime number?
False
Is 468899429 a composite number?
False
Is 5756979313 a prime number?
False
Is 4283645011 a composite number?
False
Is 122636123 composite?
False
Is 103301634643 prime?
False
Is 591624521 a prime number?
False
Is 1297106777 a composite number?
False
Is 8980040497 a composite number?
True
Is 442029209 composite?
False
Is 2347057861 prime?
True
Is 4744455763 a prime number?
False
Is 2670547079 composite?
False
Is 5006235961 prime?
True
Is 400064761 prime?
False
Is 110795257 prime?
False
Is 22118932151 a composite number?
False
Is 897126299 a composite number?
False
Is 8520443059 composite?
True
Is 10263652517 a prime number?
True
Is 2404812269 prime?
False
Is 1437406889 prime?
False
Is 2404272991 a composite number?
True
Is 16066472423 prime?
True
Is 2004797827 a prime number?
True
Is 9158137899 prime?
False
Is 4845202003 composite?
False
Is 40123773538 prime?
False
Is 4037926159 a composite number?
False
Is 158371007 a prime number?
True
Is 1040079974 composite?
True
Is 40040152601 composite?
True
Is 499382551 composite?
False
Is 7881691771 a prime number?
False
Is 26176356223 prime?
False
Is 10623711947 composite?
False
Is 10223723173 composite?
False
Is 92659393 composite?
False
Is 9031895077 prime?
False
Is 176102579678 composite?
True
Is 99327443 a composite number?
True
Is 50595051641 prime?
False
Is 20914719333 composite?
True
Is 80766934 composite?
True
Is 207608413 a composite number?
True
Is 30161003911 composite?
False
Is 1468401646 a composite number?
True
Is 62066105587 composite?
False
Is 197028325997 a prime number?
False
Is 79384015957 prime?
False
Is 2418949763 a composite number?
False
Is 222777553 a composite number?
False
Is 80764044307 composite?
False
Is 4003252457 prime?
True
Is 32412502741 a prime number?
True
Is 28058921273 prime?
True
Is 19854083987 a prime number?
True
Is 965903699 prime?
False
Is 4626104621 a composite number?
True
Is 8573771917 composite?
True
Is 10142857 prime?
True
Is 221160337 prime?
False
Is 630425657 a composite number?
False
Is 177915853 prime?
True
Is 3314065717